 t(i) = -5*i**2 - 3*i + 7. Let v(j) = -6*a(j) + 5*t(j). Let w be v(8). What is the hundreds digit of 100 + -1*(2 + w)?
1
Let o(k) = -2*k**2 - k. Let j(a) = -14*a**2 - 29*a + 18. Let l(u) = -j(u) + 5*o(u). Let s be l(-12). Let m = s - 121. What is the tens digit of m?
4
Suppose 4*h = 2*j - 56866, -3*j - 2*h + 19157 = -66174. What is the tens digit of j?
4
Let h = 86 - 98. Let c(r) = -r**2 - 18*r - 1. Let w be c(h). Let a = 13 + w. What is the tens digit of a?
8
Let t = -83298 + 117319. What is the thousands digit of t?
4
Suppose -3*n - 922 = 4*d, 0*n - 3*n + 2*d = 952. Let z = 276 - n. What is the hundreds digit of z?
5
Let m = 960 + -559. Let l = 1138 - m. What is the tens digit of l?
3
Let x = -34 + 44. Suppose 0 = -7*h + x*h - 351. Let n = h - 21. What is the units digit of n?
6
Suppose -3*f + 4*k + 61 = 0, 0 = f - 2*k + k - 22. Let t = f - 27. Suppose 4*w - 4*n - 336 = t, 0 = -3*w + 2*n - n + 260. What is the units digit of w?
8
Let t be ((-26)/26 - 10/1)*-47. Suppose 3471 = 4*a - t. What is the tens digit of a?
9
Let v(i) = -i + 3. Suppose -4*x - 3 = -r - 0, -6 = -2*r - x. Let y be v(r). Suppose y = 5*b + 2*w - 734, -5*w + 143 = 4*b - 451. What is the units digit of b?
6
Let u(t) = -2*t**3 + 29*t**2 + 12*t + 63. Let k be u(15). What is the units digit of (-9 + 2720/k)*9?
9
Suppose -4*d - c = -432 - 227, c + 1 = 0. Suppose 23 + 127 = g + l, 2*l + d = g. Suppose 5*i - 4*b = g, 4*i - 5*b = 6*i - 62. What is the tens digit of i?
3
What is the hundreds digit of 16/(-48) + (154758/27)/((-2)/(-6))?
1
Let v(z) = -2*z**2 + 9*z - 5. Let n be v(4). Let b be (n - 433/5)*(4 + -9). Suppose 8*y = -6 + b. What is the tens digit of y?
5
Suppose 4*k + 2074 - 11266 = 4820. What is the tens digit of k?
0
Let o(s) = -877*s + 2848. What is the ten thousands digit of o(-12)?
1
Suppose -47*j + 45*j - 6049 = -5*w, 0 = -3*w + 2*j + 3631. Let q = 2142 - w. What is the units digit of q?
3
Let x = 60 + -44. Let k(w) = w**3 - 15*w**2 - 18*w + 32. Let u be k(x). Suppose 2*g - s - 170 = -3*s, 5*s - 10 = u. What is the units digit of g?
3
Suppose -a + 278 = 278. Suppose 8*s - 2*s - 2694 = a. What is the units digit of s?
9
Let i(o) = -3*o + 0*o**3 - 31 + o**3 + 0*o**3 + 15*o**2. Let d(x) = 3*x**2 - 64*x + 6. Let p be d(21). What is the units digit of i(p)?
4
Suppose 3*a - 2*a = 5*u + 100, -60 = 3*u - 5*a. Let n = u + 22. Suppose 23 - 117 = -n*t. What is the tens digit of t?
4
Let v = 232 + -232. Suppose -w = 5*u - 424, v*u + 4*u = 2*w - 834. What is the tens digit of w?
1
What is the hundreds digit of (-26)/(-52) - (-10955)/2?
4
Let z = 3929 + 5788. What is the thousands digit of z?
9
Let r(k) = 37*k + 6 + k**3 + 62*k + 4*k**2 - 125*k - 2*k**3. What is the hundreds digit of r(-6)?
5
Let q be (42 - 37)*4/(-5). Let a(k) = 74*k**2 - 17*k - 68. What is the tens digit of a(q)?
8
Let j(k) = k**3 - 4*k - 5. Suppose -4*l - 3*y = -0*y + 14, 0 = -l - 5*y - 12. Let m be (1 - l) + 4/2. What is the units digit of j(m)?
0
Let v = 2770 - 1305. Suppose s = -5*i + 293, -i - 4*i = 5*s - v. What is the tens digit of s?
9
Suppose 57812 = 4*n + 2*a, -n = 38*a - 41*a - 14432. What is the thousands digit of n?
4
Let p = -45 + 47. Let d be p*((3 - -1) + 5/(-2)). Suppose -d*k + 1140 = 3*k. What is the tens digit of k?
9
Suppose -2*c - 5*d - 14 = 0, c - 7 = 2*d - d. Suppose 2*y = j + 306, y + 925 = -6*j + c*j. What is the tens digit of j/(-8) - ((-2)/(-4))/1?
3
Let l(k) = 2*k - 18. Let y be l(10). What is the tens digit of 320 + 6 + -4 + y?
2
Let w(n) = -228 - 162 + 125 + 629*n**2 - 3*n - 628*n**2. What is the hundreds digit of w(-25)?
4
Suppose j = -5*g + 35666, 3*g = 29*j - 20*j - 321138. What is the units digit of j?
1
Let i(t) = 89*t**2 + 112*t + 86. What is the hundreds digit of i(12)?
2
Suppose z - 3*z + 1304 = 0. Let u = z + -428. Suppose 0 = 3*c - 5*a - 168, -4*c + u = 6*a - a. What is the tens digit of c?
5
Let t(p) = p**3 - 21*p**2 - 44*p - 42. Let k be t(23). What is the units digit of (-5144)/(-16) + (-14)/k?
8
Suppose -21826 = -4*m - 2*v + 7568, 7358 = m + 10*v. What is the units digit of m?
8
Let h(j) be the second derivative of 2*j**4/3 + 7*j**3/6 - 3*j**2 + 11*j. Let z = -171 + 175. What is the hundreds digit of h(z)?
1
Suppose -11*o = -44*o - 13*o. Let n(c) = 1259*c + 1. Let m be n(1). Suppose 0 = -o*x - 6*x + m. What is the units digit of x?
0
Let a be (-1 + (-5)/(-3))/(44/43362). Suppose a + 443 = -5*l. Let q = l + 423. What is the hundreds digit of q?
2
Suppose -30*y + 29*y + 2 = 0. Suppose 4*m = y*m + 326. Suppose n - 5*a - 149 = 0, -4*a - m = -2*n + 111. What is the hundreds digit of n?
1
Suppose g - 172 = -90. Let k = 32 + g. What is the units digit of k?
4
Let l(h) = -120*h + 3. Let g be l(-11). Suppose -n = 5*a - 2010, 3*a - g + 135 = 3*n. What is the units digit of a?
1
Let m(q) = -20*q**3 + 4*q**2 + q - 91. What is the units digit of m(-9)?
4
Let r = 12498 + 54016. What is the ten thousands digit of r?
6
Suppose 125 = 15*i - 235. Let s(y) = -y**2 + 48*y - 62. What is the hundreds digit of s(i)?
5
What is the tens digit of (-9*28/126)/((-4)/14792)?
9
Let w = 2237 + 7771. What is the thousands digit of w?
0
Suppose -133*u - 4392050 = -278*u. What is the thousands digit of u?
0
What is the units digit of 2278653/351 + 5/45?
2
Let l be (15 + -10)/(5/6). Suppose 5*r = 0, 2*p + 0*p - 4*r = -l. What is the units digit of p + 74 + (-3 - -2)?
0
Let c(l) = 30*l**3 - l**2 - l + 4943. What is the tens digit of c(0)?
4
Let y be 4/1 - 5/(50/960). What is the units digit of (2 - 0)*y*(-2)/4?
2
Suppose 102*m - 50*m = 88*m - 314820. What is the hundreds digit of m?
7
Let y(v) = -v**2 + 25*v - 45. Let h be y(23). Let m be (-64)/(-4) + -2 - 2. What is the tens digit of (-30)/(-5)*m*h?
7
Suppose 0 = -8*n - 36 + 28. Let s be ((-1 - (-32)/(-4)) + 4)/n. Suppose s*k - 281 = 4*k. What is the hundreds digit of k?
2
What is the thousands digit of 5/(-3)*1668240/(-350)?
7
Let k = 1898 - 784. Let x = k + -758. Suppose x = 3*b - 139. What is the units digit of b?
5
Let o be (-3)/((-9)/6) - (-47 + -6). Let x = 560 - o. What is the hundreds digit of x?
5
Let k = -1266 + 2376. Suppose -3*p + k = -0*v - 3*v, p + 4*v - 395 = 0. What is the tens digit of p?
7
Let o(z) = 9*z**2 - 144*z + 4060. What is the ten thousands digit of o(38)?
1
Let g(d) = d**2 + 28*d + 25. Let o be g(-26). Let n = o - -235. What is the hundreds digit of n?
2
Let s(u) = 51*u**2 - 5*u - 14. Let f be 1/((8/16)/((-26)/4)). Let t be s(f). What is the tens digit of ((t/24)/(-17))/((-2)/16)?
7
Suppose 5*z + 2*r - 80636 = 168857, 0 = -z + 3*r + 49902. What is the ten thousands digit of z?
4
Let y(x) = 5*x - 22. Let q be y(13). Let i = 46 - q. Suppose 2*a + 4*h - 297 = -i*a, -3*a + h + 185 = 0. What is the tens digit of a?
6
Let o(t) = 12*t + 11. Let n be o(5). Suppose 5*d = 3*k - 474, -k + 0*d - 4*d + 141 = 0. Let p = k - n. What is the tens digit of p?
8
Let v(h) = 5 - 11*h + 2*h**2 - 8*h - 2*h - 19. Let i be v(11). Let o(f) = 4*f**2 - f - 11. What is the tens digit of o(i)?
2
Let z be (75/(-20))/3 + 1/4. Let v(t) = 6*t - 19. Let d(g) = -g. Let a(r) = z*d(r) - v(r). What is the units digit of a(-4)?
9
Let j = 6 + -4. Suppose -2*b + 1104 = -j*f + 7*f, -f = -2*b + 1116. What is the units digit of b?
7
Let n = 31693 + 17798. What is the tens digit of n?
9
Suppose -4*k - 3*m + 6*m + 8235 = 0, 5*k = 2*m + 10299. Suppose 52*v + k = 55*v. What is the tens digit of v?
8
Let f(v) = -2*v**3 - 100*v**2 + 9*v - 175. What is the thousands digit of f(-52)?
0
Suppose -2*t + 5*i + 46592 = -30096, -2*i + 38344 = t. What is the ten thousands digit of t?
3
Let p(o) be the third derivative of -o**5/60 + o**4/12 + 19*o**3/2 - 13*o**2. Let x be p(0). What is the tens digit of x*(12/9 + (-3)/9)?
5
Suppose 4*h + 29 = 37. Let b(s) = s**3 + 11*s**2 + 15*s - 22. Let w be b(-9). Suppose 195 = i + 4*i - w*k, -5*i + h*k + 192 = 0. What is the units digit of i?
8
Suppose -n = -k - 33540, n + 3*k + 2*k = 33504. What is the tens digit of n?
3
Let y = -38 + 62. Suppose 91 = 5*x - y. Suppose b = c + x + 62, -2*b - 2*c = -154. What is the tens digit of b?
8
Let y(w) = 1452*w**2 + 66*w - 10. What is the thousands digit of y(-2)?
5
What is the tens digit of 975702/126 + (-8)/12?
4
Let x(j) = 55*j**2 - 31*j - 36. What is the ten thousands digit of x(18)?
1
Let g(c) = 10*c